der when 162 is divided by 63.
36
Calculate the remainder when 251 is divided by 42.
41
What is the remainder when 394 is divided by 204?
190
What is the remainder when 892 is divided by 5?
2
What is the remainder when 126 is divided by 33?
27
Calculate the remainder when 2582 is divided by 151.
15
Calculate the remainder when 820 is divided by 274.
272
What is the remainder when 665 is divided by 10?
5
What is the remainder when 105 is divided by 38?
29
What is the remainder when 73 is divided by 57?
16
What is the remainder when 15 is divided by 4?
3
Calculate the remainder when 461 is divided by 160.
141
Calculate the remainder when 497 is divided by 72.
65
Calculate the remainder when 11292 is divided by 3.
0
Calculate the remainder when 81 is divided by 30.
21
What is the remainder when 647 is divided by 63?
17
Calculate the remainder when 22 is divided by 9.
4
What is the remainder when 97 is divided by 17?
12
What is the remainder when 269 is divided by 132?
5
What is the remainder when 23799 is divided by 119?
118
What is the remainder when 95 is divided by 65?
30
Calculate the remainder when 296 is divided by 50.
46
What is the remainder when 88 is divided by 50?
38
What is the remainder when 40 is divided by 12?
4
Calculate the remainder when 1851 is divided by 141.
18
Calculate the remainder when 93 is divided by 3.
0
What is the remainder when 141 is divided by 18?
15
What is the remainder when 812 is divided by 125?
62
Calculate the remainder when 726 is divided by 26.
24
Calculate the remainder when 1019 is divided by 21.
11
Calculate the remainder when 202 is divided by 71.
60
Calculate the remainder when 241 is divided by 35.
31
What is the remainder when 343 is divided by 71?
59
Calculate the remainder when 701 is divided by 145.
121
Calculate the remainder when 746 is divided by 75.
71
Calculate the remainder when 1332 is divided by 10.
2
What is the remainder when 3218 is divided by 60?
38
Calculate the remainder when 591 is divided by 11.
8
What is the remainder when 32555 is divided by 73?
70
What is the remainder when 4802 is divided by 19?
14
What is the remainder when 314 is divided by 311?
3
Calculate the remainder when 1406 is divided by 22.
20
What is the remainder when 255 is divided by 229?
26
What is the remainder when 2352 is divided by 32?
16
Calculate the remainder when 8277 is divided by 115.
112
What is the remainder when 13451 is divided by 38?
37
Calculate the remainder when 166 is divided by 44.
34
Calculate the remainder when 730 is divided by 93.
79
Calculate the remainder when 3265 is divided by 121.
119
What is the remainder when 2522 is divided by 74?
6
Calculate the remainder when 443 is divided by 41.
33
Calculate the remainder when 599 is divided by 25.
24
Calculate the remainder when 262 is divided by 34.
24
Calculate the remainder when 1172 is divided by 25.
22
What is the remainder when 5282 is divided by 46?
38
What is the remainder when 290 is divided by 96?
2
What is the remainder when 2129 is divided by 6?
5
Calculate the remainder when 181 is divided by 57.
10
Calculate the remainder when 816 is divided by 165.
156
What is the remainder when 140837 is divided by 56?
53
Calculate the remainder when 450 is divided by 22.
10
What is the remainder when 42 is divided by 39?
3
Calculate the remainder when 498 is divided by 112.
50
Calculate the remainder when 8524 is divided by 208.
204
What is the remainder when 71 is divided by 18?
17
Calculate the remainder when 175 is divided by 12.
7
What is the remainder when 948 is divided by 132?
24
What is the remainder when 44 is divided by 9?
8
Calculate the remainder when 691 is divided by 173.
172
Calculate the remainder when 2283 is divided by 231.
204
Calculate the remainder when 66 is divided by 26.
14
Calculate the remainder when 1757 is divided by 10.
7
Calculate the remainder when 1473 is divided by 33.
21
What is the remainder when 6083 is divided by 23?
11
Calculate the remainder when 60 is divided by 5.
0
Calculate the remainder when 281 is divided by 42.
29
Calculate the remainder when 18834 is divided by 23.
20
Calculate the remainder when 9 is divided by 7.
2
What is the remainder when 1565 is divided by 158?
143
Calculate the remainder when 907 is divided by 9.
7
Calculate the remainder when 220 is divided by 3.
1
What is the remainder when 270 is divided by 65?
10
Calculate the remainder when 301 is divided by 59.
6
Calculate the remainder when 189 is divided by 19.
18
What is the remainder when 514 is divided by 507?
7
Calculate the remainder when 521 is divided by 21.
17
Calculate the remainder when 314 is divided by 4.
2
What is the remainder when 1039 is divided by 58?
53
What is the remainder when 974 is divided by 320?
14
Calculate the remainder when 311 is divided by 175.
136
What is the remainder when 273 is divided by 17?
1
Calculate the remainder when 1372 is divided by 121.
41
What is the remainder when 444 is divided by 28?
24
Calculate the remainder when 83 is divided by 83.
0
What is the remainder when 127 is divided by 64?
63
Calculate the remainder when 39 is divided by 20.
19
Calculate the remainder when 94 is divided by 9.
4
What is the remainder when 81 is divided by 45?
36
What is the remainder when 175 is divided by 16?
15
Calculate the remainder when 1503 is divided by 89.
79
Calculate the remainder when 7810 is divided by 21.
19
What is the remainder when 101 is divided by 6?
5
What is the remainder when 789 is divided by 39?
9
Calculate the remainder when 2007 is divided by 32.
23
What is the remainder when 132 is divided by 45?
42
Calculate the remainder when 866 is divided by 211.
22
Calculate the remainder when 239 is divided by 68.
35
What is the remainder when 127 is divided by 32?
31
What is the remainder when 10211 is divided by 7?
5
Calculate the remainder when 1662 is divided by 15.
12
What is the remainder when 2623 is divided by 7?
5
What is the remainder when 1535 is divided by 129?
116
What is the remainder when 4610 is divided by 53?
52
Calculate the remainder when 2063 is divided by 677.
32
What is the remainder when 96 is divided by 27?
15
Calculate the remainder when 206 is divided by 19.
16
Calculate the remainder when 114 is divided by 6.
0
Calculate the remainder when 2205 is divided by 441.
0
What is the remainder when 111 is divided by 34?
9
What is the remainder when 1608 is divided by 202?
194
What is the remainder when 8195 is divided by 205?
200
What is the remainder when 101 is divided by 17?
16
Calculate the remainder when 4990 is divided by 128.
126
Calculate the remainder when 151 is divided by 51.
49
Calculate the remainder when 1754 is divided by 178.
152
What is the remainder when 31234 is divided by 76?
74
Calculate the remainder when 12713 is divided by 9.
5
What is the remainder when 2744 is divided by 12?
8
Calculate the remainder when 374 is divided by 7.
3
What is the remainder when 200 is divided by 36?
20
Calculate the remainder when 626 is divided by 11.
10
What is the remainder when 32 is divided by 12?
8
What is the remainder when 112 is divided by 61?
51
What is the remainder when 215 is divided by 54?
53
Calculate the remainder when 3027 is divided by 380.
367
Calculate the remainder when 397 is divided by 21.
19
Calculate the remainder when 154 is divided by 74.
6
What is the remainder when 4103 is divided by 49?
36
What is the remainder when 642 is divided by 321?
0
What is the remainder when 1423 is divided by 284?
3
What is the remainder when 410 is divided by 96?
26
Calculate the remainder when 186 is divided by 10.
6
What is the remainder when 493 is divided by 15?
13
What is the remainder when 217 is divided by 10?
7
Calculate the remainder when 1261 is divided by 25.
11
Calculate the remainder when 263 is divided by 19.
16
What is the remainder when 1355 is divided by 218?
47
What is the remainder when 156 is divided by 54?
48
What is the remainder when 178 is divided by 83?
12
What is the remainder when 676 is divided by 6?
4
Calculate the remainder when 260 is divided by 40.
20
Calculate the remainder when 669 is divided by 16.
13
Calculate the remainder when 208 is divided by 195.
13
Calculate the remainder when 18947 is divided by 103.
98
Calculate th